14)/(-3591))?
7
Suppose g - 7013 = -0*g - 4*o, -5*o = -2*g + 14026. What is the units digit of g?
3
Let q(x) be the second derivative of -11*x**6/720 - 7*x**5/120 - 5*x**4/2 + 36*x. Let w(h) be the third derivative of q(h). What is the tens digit of w(-3)?
2
Let a = 40 - 43. Let f be (-2)/3 + (-68)/a. Suppose -r + f = -54. What is the units digit of r?
6
Let o = 189 + -186. Suppose -5*z + 4*y = -2820, 10*z = 5*z - o*y + 2785. What is the tens digit of z?
6
What is the hundreds digit of (1 + 0 - (1 + -1))*(-19 - -11120)?
1
Let i be (2/3)/(4/60). Let m(h) = -2*h + 0*h - i*h**2 - 9 - 7*h - h**3. What is the units digit of m(-10)?
1
Let h = 508 + -1034. Let o = 1030 + h. Suppose 0 = -5*j + f + o, j + 3*f = 62 + 26. What is the tens digit of j?
0
Let x = 15090 + -6997. What is the hundreds digit of x?
0
Suppose -3*o + 2751 = 5*f, -5*f - o + 3034 = 277. Suppose 0 = -25*b + f + 2298. What is the units digit of b?
4
Suppose -22*a = -20*a - 660. Let p = a + -157. Suppose 0 = -3*b + 2*b - 5*x + 31, 0 = 3*b - 5*x - p. What is the tens digit of b?
5
Suppose -34*d + 39*d - c - 53968 = 0, 5*c + 32372 = 3*d. What is the hundreds digit of d?
7
Let m be (1068/16)/(3/48). Let g = -443 + m. What is the hundreds digit of g?
6
Suppose 1787240 = 111*f - 1033270. What is the tens digit of f?
1
Suppose 0 = 2*q + 271 - 755. Suppose -6*m - q = -74. Let v = 74 - m. What is the hundreds digit of v?
1
Let y = 507 + -505. Suppose 3*o - y*w = w + 2043, 4*w + 3402 = 5*o. What is the units digit of o?
8
Let c(z) = z**3 - 8*z**2 - 17*z + 2. Let p be c(10). Suppose p = 2*v + 10. Suppose 1850 - 299 = v*y. What is the units digit of y?
1
Suppose 2*b + 3*w - 8914 = 0, 5*w = -2*b + 5656 + 3250. What is the thousands digit of b?
4
What is the ten thousands digit of -1 - 32/2*(-909 + 171/(-9))?
1
Let r(z) = -z + 11. Let w be r(7). Suppose -w*v - 2*d = -0*d - 6, 0 = 4*v + 5*d - 15. What is the units digit of 6*(v/(-1) + 51/6)?
1
Let u(b) = 1774*b**2 + 200*b + 402. What is the thousands digit of u(-2)?
7
Suppose 0 = -z + 7. Let a be 18 - (2/z - (-48)/28). Suppose -92 = -2*s - a. What is the units digit of s?
8
Suppose 0 = 3*g + s - 17508, -5*g - 51*s = -56*s - 29140. What is the hundreds digit of g?
8
Suppose 43*u = 38*u + 135. Suppose 0 = 11*t - u*t + 2880. What is the tens digit of t?
8
Let w = -21110 + 29755. What is the hundreds digit of w?
6
Suppose 0 = -2*l - 4*i + 42234, -5*i - 32510 + 95862 = 3*l. What is the hundreds digit of l?
1
Let j(a) = -102*a**3 + a**2 + 55*a - 7. What is the ten thousands digit of j(-6)?
2
Suppose -3*o = -3, -2*s - 2*o + 3*o + 1337 = 0. Let g = s + -175. Let t = g - 307. What is the hundreds digit of t?
1
Let g = -3651 - -3654. Suppose 217 - 680 = -n. Suppose 4*p - g*w - 619 = 0, 5*w = -3*p + 7*w + n. What is the tens digit of p?
5
Suppose 0 = 257*z - 132911 - 463072. What is the thousands digit of z?
2
Suppose -116*l + 5*j - 23941 = -120*l, 11964 = 2*l - 4*j. What is the tens digit of l?
8
Let u = 38 + -35. Suppose -u*q = 4*i - 242, 0 = -2*q + 5 - 1. What is the tens digit of i?
5
Suppose 0 = 3*w - 3*z + 136 + 1022, -5*w = -z + 1938. Suppose -3636 = 15*f - 13656. Let k = f + w. What is the units digit of k?
0
Let i = -48267 + 71388. What is the units digit of i?
1
Let o(f) = -28*f + 7. Suppose 0*k - 21 = 7*k. Let z be o(k). Suppose 6*m - x - 135 = 3*m, -2*m = -x - z. What is the tens digit of m?
4
Suppose -3*q - t + 4*t + 63 = 0, -3*q = -t - 59. Suppose 12*b + q*b = 4588. What is the tens digit of b?
4
Let r = -38 - -40. Let w(u) = -6*u**2 + 1 - u**r + 2*u**3 + 2*u**2 - 3*u. What is the tens digit of w(4)?
3
Suppose -3 = t + v + 1, t - 2*v = 2. Let a(d) = d**3 + 2*d**2 + 2*d + 2. Let f be a(t). What is the tens digit of f/(-4) + 0 - (-1488)/32?
4
Let l = 1480 + 2417. What is the units digit of l?
7
What is the ten thousands digit of 1/((-9)/(-114))*(3379 - -140)?
4
Suppose 0 = 4*x - r - 15, 3*x - r - 9 = x. Suppose -5*p + x*p = 0. Suppose -2*f - 5*m + 35 = p, 2*f - 4*m = -3*f + 5. What is the units digit of f?
5
Suppose 3*i = 15*i. Suppose i = 4*f - 8, 2*f - 3*f = 3*z - 212. Let t = z - 21. What is the tens digit of t?
4
Let v = 7460 - -436. What is the hundreds digit of v?
8
Let a(q) = -2*q**2 - 5*q + 4. Let k be a(-5). Suppose 174 = 8*d - 42. Let f = k + d. What is the units digit of f?
6
Let x be 83 - 4*(-1)/(-2). Suppose 2*z + x = -7*z. Let t(v) = 2*v**2 - 6*v - 33. What is the hundreds digit of t(z)?
1
Let s = -373 - -243. Let r = 78 - s. What is the hundreds digit of r?
2
Let q(b) = 3*b**2 - 107*b - 225. What is the ten thousands digit of q(-89)?
3
Let m = 6 + 34. Let c(n) = -n**2 + 19*n - 15. Let y be c(15). Suppose -y*s + 460 = -m*s. What is the units digit of s?
2
Suppose 244148 = 51*m - 390751. What is the hundreds digit of m?
4
What is the tens digit of (1*13933)/((-2)/24*3*-4)?
3
Suppose 17*u - 136 = 9*u. What is the hundreds digit of (155 - -1) + 136/u?
1
What is the units digit of 68358/(-36)*(4 + -10)?
3
Let i = 450 + -517. Let r = i - -314. What is the units digit of r?
7
Suppose -340*s = -5*s - 34*s - 8373820. What is the hundreds digit of s?
8
Let w(l) = -2788*l - 203. What is the tens digit of w(-2)?
7
Let z be -6*3/(-2)*(-4)/(-6). Suppose -2*v - 136 = -z. Let i = 40 - v. What is the hundreds digit of i?
1
Suppose 6*t - 8 = 4. Suppose s + 18 = t*i, -4*i = 6*s - s + 34. What is the tens digit of (-5012)/(-70) - 4/s?
7
Suppose -j + 26 = 22. Suppose 0 = 4*c - q, -2*c - c = j*q. Suppose -t - 325 = -3*l, 4*t + c*t = -l + 91. What is the units digit of l?
7
Let x(m) = 29*m**3 + 16*m**2 - 11*m - 45. What is the hundreds digit of x(9)?
2
Suppose 0 = 567*v - 87*v - 4438482 + 598482. What is the hundreds digit of v?
0
Let y(l) = 40*l**3 + 4*l**2 - 10*l + 12. Let x(m) = -m**2 + 17*m - 40. Let v be x(14). What is the tens digit of y(v)?
2
Let y be -7*((-6330)/21 - 0/(-2)). What is the units digit of (-6*2/15)/((-4)/y)?
2
Let v = -4 + -154. Let q = 50 - v. Let c = -149 + q. What is the tens digit of c?
5
Suppose 11 = 17*s - 23. Suppose -2*j - 882 = -s*d, 7*d - 2*d + 2*j - 2198 = 0. What is the units digit of d?
0
Let g(k) = k**3 - 3*k**2 - 5*k - 22. Let q be g(5). What is the units digit of (q/2)/((-48)/(-1120))?
5
What is the tens digit of 4600 - 2/(-6)*(7 + 28/(-4))?
0
Let h be (5 - (-2)/(-1)) + -22. Let t(z) = -19*z + 117. What is the tens digit of t(h)?
7
Suppose u = 6 + 11. Suppose 0 = 3*t - u - 1. What is the tens digit of ((-1614)/(-5))/3 - t/(-15)?
0
Let d = 286 - 234. Suppose -55*m + 1149 = -d*m. What is the hundreds digit of m?
3
Suppose c = -3*t - 29, 4*c + c + 35 = -4*t. What is the hundreds digit of (t - -413) + (-1)/(-1) + -5?
3
Let o be (-7)/3 - 2/(-6). Let r be (-14)/(-42)*5/(-5)*6. What is the units digit of -2*(o/r + 225/(-6))?
3
Suppose 13*y + 119 + 145 = 69. Suppose 4*w + 3*m - 12 = -w, -2*w - 2*m = -4. What is the hundreds digit of (-95)/y - 6 - (-692)/w?
2
Let r be 13/(-11) + 204/33 + -6. Suppose 5*g + 11 = -19. What is the units digit of (2*r*32)/(4/g)?
6
Let q(g) = 3*g**2 - 5*g. Let i be q(2). Suppose i*u = -4*w + 526, 4*u + 0*w - 1061 = w. What is the tens digit of u?
6
Let v(i) = 2*i + 5. Let z be v(-1). Suppose z*s + 4*a = 10*s - 3935, 3*a - 2840 = -5*s. What is the tens digit of s?
6
Suppose 4*r - 3*o + 3661 = 5*r, -3649 = -r + 3*o. What is the thousands digit of r?
3
Let m = -184 + 184. Suppose 5*b + 2*d - 328 = m, -3*b - 9*d = -10*d - 199. What is the units digit of b?
6
Let r(h) = -h + 13. Let s be r(8). Suppose -s*k + 4 + 6 = 0. What is the tens digit of 16 + -1 - k/(-8)*0?
1
Suppose 145 = -3*o + 2*l, 5*l + 65 + 45 = -3*o. Let v be (-10)/o + (-1020)/(-27). Suppose -10*q + v = -9*q. What is the tens digit of q?
3
What is the thousands digit of (1688477/434)/(2/12)?
3
Let t(q) = 26*q + 25. Let k be t(-14). What is the units digit of (-20)/(-50) - k/15*6?
6
Let n be -5 - (-172)/12 - 4/12. What is the tens digit of (-1)/1 + (0 + 1349 - n)?
3
Suppose 18*u - 10 = 17*u. Let z = u + -10. Let y(o) = -o + 161. What is the tens digit of y(z)?
6
Suppose 6*d - 28*d - 9*d + 140957 = 0. What is the hundreds digit of d?
5
Suppose 28*r + 500020 = 25*r + 23*r. What is the ten thousands digit of r?
2
What is the hundreds digit of (-36)/3 + 7 + 2989 - -5?
9
Suppose 5*d + 26 = 1, 0 = -3*k - 5*d - 772. Let q = 579 + k. What is the 